Dec 01 14:09:04.321 INFO testing jearbear/graphql-testing against master#8940af3cea4a9a9deabcaf843b2f8cad9a83fc61 for beta-1.31-5
Dec 01 14:09:04.321 INFO running `"docker" "create" "-v" "/mnt/big/crater/work/local/target-dirs/beta-1.31-5/worker-5/master#8940af3cea4a9a9deabcaf843b2f8cad9a83fc61:/target:rw,Z" "-v" "/mnt/big/crater/work/local/test-source/worker-5/beta-1.31-5/master#8940af3cea4a9a9deabcaf843b2f8cad9a83fc61:/source:ro,Z" "-v" "/mnt/big/crater/work/local/cargo-home:/cargo-home:ro,Z" "-v" "/mnt/big/crater/work/local/rustup-home:/rustup-home:ro,Z" "-e" "USER_ID=1000" "-e" "SOURCE_DIR=/source" "-e" "USER_ID=1000" "-e" "CMD=cargo +8940af3cea4a9a9deabcaf843b2f8cad9a83fc61-alt build --frozen" "-e" "CARGO_TARGET_DIR=/target" "-e" "CARGO_INCREMENTAL=0" "-e" "RUST_BACKTRACE=full" "-e" "RUSTFLAGS=--cap-lints=warn" "-e" "CARGO_HOME=/cargo-home" "-e" "RUSTUP_HOME=/rustup-home" "-m" "1536M" "--network" "none" "crater"`
Dec 01 14:09:04.777 INFO [stdout] 679373d4d49b5d0df95720a431f36aa9f248605f9a321c946eaf9b2032ba5aec
Dec 01 14:09:04.785 INFO running `"docker" "start" "-a" "679373d4d49b5d0df95720a431f36aa9f248605f9a321c946eaf9b2032ba5aec"`
Dec 01 14:09:06.478 INFO [stderr] usermod: no changes
Dec 01 14:09:06.743 INFO [stderr]    Compiling pear_codegen v0.0.20
Dec 01 14:09:06.755 INFO [stderr]    Compiling rocket v0.3.16
Dec 01 14:09:06.755 INFO [stderr]    Compiling rocket_codegen v0.3.16
Dec 01 14:09:06.808 INFO [stderr]    Compiling ordermap v0.2.13
Dec 01 14:09:06.809 INFO [stderr]    Compiling juniper_codegen v0.9.2
Dec 01 14:09:06.809 INFO [stderr]    Compiling serde_json v1.0.26
Dec 01 14:09:06.809 INFO [stderr]    Compiling hyper v0.10.13
Dec 01 14:09:06.810 INFO [stderr]    Compiling ring v0.11.0
Dec 01 14:09:07.592 INFO [stderr] error: failed to run custom build command for `pear_codegen v0.0.20`
Dec 01 14:09:07.592 INFO [stderr] process didn't exit successfully: `/target/debug/build/pear_codegen-9ebbb5de437ff65a/build-script-build` (exit code: 101)
Dec 01 14:09:07.592 INFO [stderr] --- stderr
Dec 01 14:09:07.592 INFO [stderr] [1;31mError:[0m [37mPear requires a nightly or dev version of Rust.[0m
Dec 01 14:09:07.592 INFO [stderr] [37mInstalled version is:[0m [33m1.31.0-beta.20 (2018-11-30)[0m. [37mMinimum required:[0m [33m1.30.0-nightly (2018-08-23)[0m.
Dec 01 14:09:07.592 INFO [stderr] thread 'main' panicked at 'Aborting compilation due to incompatible compiler.', /cargo-home/registry/src/github.com-1ecc6299db9ec823/pear_codegen-0.0.20/build.rs:31:13
Dec 01 14:09:07.592 INFO [stderr] stack backtrace:
Dec 01 14:09:07.592 INFO [stderr]    0:     0x55a19892d0ff - std::sys::unix::backtrace::tracing::imp::unwind_backtrace::h3a8b83e1922cbdde
Dec 01 14:09:07.592 INFO [stderr]                                at libstd/sys/unix/backtrace/tracing/gcc_s.rs:49
Dec 01 14:09:07.592 INFO [stderr]    1:     0x55a198938ad7 - std::sys_common::backtrace::print::h00d3155a29b4020f
Dec 01 14:09:07.592 INFO [stderr]                                at libstd/sys_common/backtrace.rs:71
Dec 01 14:09:07.592 INFO [stderr]                                at libstd/sys_common/backtrace.rs:59
Dec 01 14:09:07.592 INFO [stderr]    2:     0x55a19893199f - std::panicking::default_hook::{{closure}}::hd7465c742e79e1bb
Dec 01 14:09:07.592 INFO [stderr]                                at libstd/panicking.rs:211
Dec 01 14:09:07.592 INFO [stderr]    3:     0x55a198931704 - std::panicking::default_hook::h9e3966f2aa2a6e12
Dec 01 14:09:07.592 INFO [stderr]                                at libstd/panicking.rs:227
Dec 01 14:09:07.592 INFO [stderr]    4:     0x55a198931fce - std::panicking::rust_panic_with_hook::h587f091ae747d080
Dec 01 14:09:07.592 INFO [stderr]                                at libstd/panicking.rs:476
Dec 01 14:09:07.592 INFO [stderr]    5:     0x55a198904883 - std::panicking::begin_panic::h03cdb516ffc5f784
Dec 01 14:09:07.592 INFO [stderr]                                at libstd/panicking.rs:410
Dec 01 14:09:07.592 INFO [stderr]    6:     0x55a198902948 - build_script_build::main::h36944a4e267b7477
Dec 01 14:09:07.592 INFO [stderr]                                at /cargo-home/registry/src/github.com-1ecc6299db9ec823/pear_codegen-0.0.20/build.rs:31
Dec 01 14:09:07.592 INFO [stderr]    7:     0x55a19890516f - std::rt::lang_start::{{closure}}::h5e49a6fd7616e446
Dec 01 14:09:07.592 INFO [stderr]                                at libstd/rt.rs:74
Dec 01 14:09:07.592 INFO [stderr]    8:     0x55a198931a42 - std::panicking::try::do_call::h52e7f80ff0fdcc45
Dec 01 14:09:07.592 INFO [stderr]                                at libstd/rt.rs:59
Dec 01 14:09:07.592 INFO [stderr]                                at libstd/panicking.rs:310
Dec 01 14:09:07.592 INFO [stderr]    9:     0x55a198943a89 - __rust_maybe_catch_panic
Dec 01 14:09:07.592 INFO [stderr]                                at libpanic_unwind/lib.rs:102
Dec 01 14:09:07.592 INFO [stderr]   10:     0x55a19892175a - std::rt::lang_start_internal::h38cae898de7f805c
Dec 01 14:09:07.592 INFO [stderr]                                at libstd/panicking.rs:289
Dec 01 14:09:07.592 INFO [stderr]                                at libstd/panic.rs:392
Dec 01 14:09:07.592 INFO [stderr]                                at libstd/rt.rs:58
Dec 01 14:09:07.592 INFO [stderr]   11:     0x55a198905148 - std::rt::lang_start::hf3588cfe9ea8870a
Dec 01 14:09:07.592 INFO [stderr]                                at libstd/rt.rs:74
Dec 01 14:09:07.592 INFO [stderr]   12:     0x55a198903819 - main
Dec 01 14:09:07.592 INFO [stderr]   13:     0x7f1b261c782f - __libc_start_main
Dec 01 14:09:07.592 INFO [stderr]   14:     0x55a198902228 - _start
Dec 01 14:09:07.592 INFO [stderr]   15:                0x0 - <unknown>
Dec 01 14:09:07.592 INFO [stderr] 
Dec 01 14:09:07.592 INFO [stderr] warning: build failed, waiting for other jobs to finish...
Dec 01 14:09:07.615 INFO [stderr] error: failed to run custom build command for `rocket v0.3.16`
Dec 01 14:09:07.615 INFO [stderr] process didn't exit successfully: `/target/debug/build/rocket-e8632d5f710e389a/build-script-build` (exit code: 101)
Dec 01 14:09:07.615 INFO [stderr] --- stderr
Dec 01 14:09:07.615 INFO [stderr] [1;31mError:[0m [37mRocket requires a nightly or dev version of Rust.[0m
Dec 01 14:09:07.615 INFO [stderr] [37mInstalled version is:[0m [33m1.31.0-beta.20 (2018-11-30)[0m. [37mMinimum required:[0m [33m1.27.0-nightly (2018-04-26)[0m.
Dec 01 14:09:07.615 INFO [stderr] [34mSee the getting started guide ([0m[37mhttps://rocket.rs/guide/getting-started/[0m[34m) for more information.[0m
Dec 01 14:09:07.615 INFO [stderr] thread 'main' panicked at 'Aborting compilation due to incompatible compiler.', /cargo-home/registry/src/github.com-1ecc6299db9ec823/rocket-0.3.16/build.rs:38:13
Dec 01 14:09:07.615 INFO [stderr] stack backtrace:
Dec 01 14:09:07.615 INFO [stderr]    0:     0x55654f6bc33f - std::sys::unix::backtrace::tracing::imp::unwind_backtrace::h3a8b83e1922cbdde
Dec 01 14:09:07.615 INFO [stderr]                                at libstd/sys/unix/backtrace/tracing/gcc_s.rs:49
Dec 01 14:09:07.615 INFO [stderr]    1:     0x55654f6c7d17 - std::sys_common::backtrace::print::h00d3155a29b4020f
Dec 01 14:09:07.615 INFO [stderr]                                at libstd/sys_common/backtrace.rs:71
Dec 01 14:09:07.615 INFO [stderr]                                at libstd/sys_common/backtrace.rs:59
Dec 01 14:09:07.615 INFO [stderr]    2:     0x55654f6c0bdf - std::panicking::default_hook::{{closure}}::hd7465c742e79e1bb
Dec 01 14:09:07.615 INFO [stderr]                                at libstd/panicking.rs:211
Dec 01 14:09:07.615 INFO [stderr]    3:     0x55654f6c0944 - std::panicking::default_hook::h9e3966f2aa2a6e12
Dec 01 14:09:07.615 INFO [stderr]                                at libstd/panicking.rs:227
Dec 01 14:09:07.615 INFO [stderr]    4:     0x55654f6c120e - std::panicking::rust_panic_with_hook::h587f091ae747d080
Dec 01 14:09:07.615 INFO [stderr]                                at libstd/panicking.rs:476
Dec 01 14:09:07.615 INFO [stderr]    5:     0x55654f693ac3 - std::panicking::begin_panic::h185025b8b4804e9b
Dec 01 14:09:07.615 INFO [stderr]                                at libstd/panicking.rs:410
Dec 01 14:09:07.615 INFO [stderr]    6:     0x55654f691b85 - build_script_build::main::h4284e4a3a8df7e1b
Dec 01 14:09:07.615 INFO [stderr]                                at /cargo-home/registry/src/github.com-1ecc6299db9ec823/rocket-0.3.16/build.rs:38
Dec 01 14:09:07.615 INFO [stderr]    7:     0x55654f6943af - std::rt::lang_start::{{closure}}::ha0df32a52ba7057e
Dec 01 14:09:07.615 INFO [stderr]                                at libstd/rt.rs:74
Dec 01 14:09:07.616 INFO [stderr]    8:     0x55654f6c0c82 - std::panicking::try::do_call::h52e7f80ff0fdcc45
Dec 01 14:09:07.616 INFO [stderr]                                at libstd/rt.rs:59
Dec 01 14:09:07.616 INFO [stderr]                                at libstd/panicking.rs:310
Dec 01 14:09:07.616 INFO [stderr]    9:     0x55654f6d2cc9 - __rust_maybe_catch_panic
Dec 01 14:09:07.616 INFO [stderr]                                at libpanic_unwind/lib.rs:102
Dec 01 14:09:07.616 INFO [stderr]   10:     0x55654f6b099a - std::rt::lang_start_internal::h38cae898de7f805c
Dec 01 14:09:07.616 INFO [stderr]                                at libstd/panicking.rs:289
Dec 01 14:09:07.616 INFO [stderr]                                at libstd/panic.rs:392
Dec 01 14:09:07.616 INFO [stderr]                                at libstd/rt.rs:58
Dec 01 14:09:07.616 INFO [stderr]   11:     0x55654f694388 - std::rt::lang_start::h3f68170055a70037
Dec 01 14:09:07.616 INFO [stderr]                                at libstd/rt.rs:74
Dec 01 14:09:07.616 INFO [stderr]   12:     0x55654f692a59 - main
Dec 01 14:09:07.616 INFO [stderr]   13:     0x7f5fef78582f - __libc_start_main
Dec 01 14:09:07.616 INFO [stderr]   14:     0x55654f691228 - _start
Dec 01 14:09:07.616 INFO [stderr]   15:                0x0 - <unknown>
Dec 01 14:09:07.616 INFO [stderr] 
Dec 01 14:09:07.616 INFO [stderr] warning: build failed, waiting for other jobs to finish...
Dec 01 14:09:07.699 INFO [stderr] error: failed to run custom build command for `rocket_codegen v0.3.16`
Dec 01 14:09:07.699 INFO [stderr] process didn't exit successfully: `/target/debug/build/rocket_codegen-4a5b65214453c03c/build-script-build` (exit code: 101)
Dec 01 14:09:07.699 INFO [stderr] --- stderr
Dec 01 14:09:07.699 INFO [stderr] [1;31mError:[0m [37mRocket requires a nightly or dev version of Rust.[0m
Dec 01 14:09:07.699 INFO [stderr] [37mInstalled version is:[0m [33m1.31.0-beta.20 (2018-11-30)[0m. [37mMinimum required:[0m [33m1.30.0-nightly (2018-08-23)[0m.
Dec 01 14:09:07.699 INFO [stderr] [34mSee the getting started guide ([0m[37mhttps://rocket.rs/guide/getting-started/[0m[34m) for more information.[0m
Dec 01 14:09:07.699 INFO [stderr] thread 'main' panicked at 'Aborting compilation due to incompatible compiler.', /cargo-home/registry/src/github.com-1ecc6299db9ec823/rocket_codegen-0.3.16/build.rs:38:17
Dec 01 14:09:07.699 INFO [stderr] stack backtrace:
Dec 01 14:09:07.699 INFO [stderr]    0:     0x55660d9cd32f - std::sys::unix::backtrace::tracing::imp::unwind_backtrace::h3a8b83e1922cbdde
Dec 01 14:09:07.699 INFO [stderr]                                at libstd/sys/unix/backtrace/tracing/gcc_s.rs:49
Dec 01 14:09:07.699 INFO [stderr]    1:     0x55660d9d8d07 - std::sys_common::backtrace::print::h00d3155a29b4020f
Dec 01 14:09:07.699 INFO [stderr]                                at libstd/sys_common/backtrace.rs:71
Dec 01 14:09:07.699 INFO [stderr]                                at libstd/sys_common/backtrace.rs:59
Dec 01 14:09:07.699 INFO [stderr]    2:     0x55660d9d1bcf - std::panicking::default_hook::{{closure}}::hd7465c742e79e1bb
Dec 01 14:09:07.699 INFO [stderr]                                at libstd/panicking.rs:211
Dec 01 14:09:07.699 INFO [stderr]    3:     0x55660d9d1934 - std::panicking::default_hook::h9e3966f2aa2a6e12
Dec 01 14:09:07.699 INFO [stderr]                                at libstd/panicking.rs:227
Dec 01 14:09:07.699 INFO [stderr]    4:     0x55660d9d21fe - std::panicking::rust_panic_with_hook::h587f091ae747d080
Dec 01 14:09:07.699 INFO [stderr]                                at libstd/panicking.rs:476
Dec 01 14:09:07.699 INFO [stderr]    5:     0x55660d9a4ab3 - std::panicking::begin_panic::h637cf6c246413594
Dec 01 14:09:07.699 INFO [stderr]                                at libstd/panicking.rs:410
Dec 01 14:09:07.699 INFO [stderr]    6:     0x55660d9a2b84 - build_script_build::main::h2c72fd58a9234470
Dec 01 14:09:07.699 INFO [stderr]                                at /cargo-home/registry/src/github.com-1ecc6299db9ec823/rocket_codegen-0.3.16/build.rs:38
Dec 01 14:09:07.699 INFO [stderr]    7:     0x55660d9a539f - std::rt::lang_start::{{closure}}::hfe557982ab535bc0
Dec 01 14:09:07.699 INFO [stderr]                                at libstd/rt.rs:74
Dec 01 14:09:07.699 INFO [stderr]    8:     0x55660d9d1c72 - std::panicking::try::do_call::h52e7f80ff0fdcc45
Dec 01 14:09:07.699 INFO [stderr]                                at libstd/rt.rs:59
Dec 01 14:09:07.699 INFO [stderr]                                at libstd/panicking.rs:310
Dec 01 14:09:07.699 INFO [stderr]    9:     0x55660d9e3cb9 - __rust_maybe_catch_panic
Dec 01 14:09:07.699 INFO [stderr]                                at libpanic_unwind/lib.rs:102
Dec 01 14:09:07.699 INFO [stderr]   10:     0x55660d9c198a - std::rt::lang_start_internal::h38cae898de7f805c
Dec 01 14:09:07.699 INFO [stderr]                                at libstd/panicking.rs:289
Dec 01 14:09:07.699 INFO [stderr]                                at libstd/panic.rs:392
Dec 01 14:09:07.699 INFO [stderr]                                at libstd/rt.rs:58
Dec 01 14:09:07.699 INFO [stderr]   11:     0x55660d9a5378 - std::rt::lang_start::h04f69d23836a7815
Dec 01 14:09:07.699 INFO [stderr]                                at libstd/rt.rs:74
Dec 01 14:09:07.699 INFO [stderr]   12:     0x55660d9a3a49 - main
Dec 01 14:09:07.699 INFO [stderr]   13:     0x7f1f7181f82f - __libc_start_main
Dec 01 14:09:07.699 INFO [stderr]   14:     0x55660d9a2228 - _start
Dec 01 14:09:07.699 INFO [stderr]   15:                0x0 - <unknown>
Dec 01 14:09:07.699 INFO [stderr] 
Dec 01 14:09:07.699 INFO [stderr] warning: build failed, waiting for other jobs to finish...
Dec 01 14:09:23.767 INFO [stderr] error: build failed
Dec 01 14:09:23.775 INFO [stderr] su: No module specific data is present
Dec 01 14:09:24.591 INFO running `"docker" "inspect" "679373d4d49b5d0df95720a431f36aa9f248605f9a321c946eaf9b2032ba5aec"`
Dec 01 14:09:24.937 INFO running `"docker" "rm" "-f" "679373d4d49b5d0df95720a431f36aa9f248605f9a321c946eaf9b2032ba5aec"`
Dec 01 14:09:25.247 INFO [stdout] 679373d4d49b5d0df95720a431f36aa9f248605f9a321c946eaf9b2032ba5aec
